 is the highest common divisor of n and 425?
85
Suppose 18 = 12*t - 10*t. Suppose 4*i - 16 = 0, -2*k + t = -4*i - 69. Suppose 5*p = -k + 607. Calculate the greatest common factor of p and 28.
28
Suppose -15*a + 380808 = 29*a - 8*a. Calculate the highest common divisor of 246 and a.
246
Suppose 12*p - 20 = 2*p. Suppose 4*i = 3*r + 240, 3*i + p*r = 1 + 196. What is the highest common divisor of i and 84?
21
Let u be ((-12)/(-8))/((-28)/(-8) + -3). Suppose -4*z + 36 = u*o, 2*o - 2*z = 3*o - 14. Suppose o*y = 2*y + 504. What is the greatest common factor of y and 56?
28
Suppose o - 14 = -2*c, -3*o + 20*c + 35 = 19*c. Suppose 5*q + 7 = 42. Let m be (0 - -3)*308/q. What is the greatest common divisor of o and m?
12
Suppose -46*v + 6978 + 17553 = -7853. Calculate the highest common factor of 10384 and v.
176
Let h be (((-84)/48)/7)/((-5)/131500). What is the greatest common divisor of h and 526?
263
Let p(v) = -1152*v - 414. Let r be p(-5). What is the highest common divisor of 33 and r?
33
Let y be (3/(-2) + -1)/((-20)/40). Suppose 0*s + 4*w + 245 = 5*s, 0 = y*s + 4*w - 285. Calculate the greatest common divisor of 53 and s.
53
Suppose 11*r - 47*r + 90168 = 16*r. Calculate the greatest common divisor of r and 6.
6
Let d = 297 - 293. Calculate the greatest common factor of d and 2.
2
Suppose -2322 - 4578 = -15*t. What is the greatest common factor of 420 and t?
20
Let h(n) = -n**3 + 11*n**2 - n + 11. Let k be h(11). Suppose k = 5*m - 2*j - 135, m + 2*j = j + 27. Calculate the highest common factor of m and 297.
27
Suppose 2542 + 5605 = 2*q - 3*z, -4*q - z + 16259 = 0. Calculate the highest common factor of q and 152.
38
Let l be 7/(-14) - 38/(-4). Let w(t) = 150*t + 999. Let q be w(-3). What is the highest common factor of q and l?
9
Let s(j) = -2*j**2 - 26*j + 12. Suppose 49*y - 45*y - 108 = 0. Let p = -40 + y. Let d be s(p). What is the highest common factor of d and 6?
6
Suppose 16*f = -3*f + 38. Suppose 4*w + 813 = 7*w + f*q, 1353 = 5*w + 4*q. Calculate the highest common divisor of w and 21.
21
Let y(k) = k + 18. Let h be y(17). Let u(x) = 5*x**2 - 8*x + 14. Let v be u(-7). Calculate the greatest common divisor of h and v.
35
Let f = -3855 - -3871. Calculate the greatest common factor of f and 10.
2
Suppose 0*w - 25 = 5*w, -529 = -4*y - 3*w. Let f be (25/25)/(1 - 16/17). Calculate the greatest common divisor of f and y.
17
Suppose x - 3*x - 2*i - 286 = 0, -5*i - 143 = x. Suppose 241 = l + 4*r, 4*r - 86 = -5*l + 1167. Let y = x + l. What is the greatest common divisor of 10 and y?
10
Let d(c) = 26*c**2 - 511*c - 24. Let o be d(20). What is the greatest common factor of o and 2262?
78
Let m = -425 - -722. Let c = -240 + m. What is the highest common divisor of 570 and c?
57
Suppose -33 = 2*p - 5*x, -4*p + 7*x = 2*x + 41. Let v be (-6)/p - (22635/18)/(-5). What is the highest common divisor of 23 and v?
23
Let m(g) = -2*g + 718. Let q be m(35). Calculate the highest common factor of q and 270.
54
Suppose -4*u - 12 = 0, -6937*y + 6942*y - 3*u - 89 = 0. Suppose 0 = -2*w - 3*w + 40. Calculate the highest common divisor of w and y.
8
Suppose 9*z - 4*z = 10, 0 = 5*m - 5*z. Suppose 0 = -n + h + 16, -2*h - 75 = -5*n + m. What is the highest common factor of 375 and n?
15
Let n be (-192)/(-2400) + (-198)/(-25). Calculate the greatest common factor of 20 and n.
4
Let p = -349 + 347. Let f be p/((5 - 3)*-1). Let o be (-2 - -1) + (6 - 1). What is the greatest common divisor of f and o?
1
Let c = 35 + -28. Suppose -5*j + 3*p = -201, 3*j - c*p = -6*p + 123. Let d = j - 38. What is the greatest common divisor of 5 and d?
1
Let n be -4*(2954/(-49) - (-4)/14). Let v = n - 196. What is the greatest common factor of 132 and v?
44
Suppose 0 = 2*w + 5*y + 15, -17*w - 2*y - 6 = -19*w. Suppose 2*h = -4, 4*p - 390 = -w*h - 3*h. What is the greatest common factor of p and 9?
9
Let u(a) = 17*a**2 + 52. Let l(r) = 3*r + 93. Let c be l(-31). Let w be u(c). What is the highest common divisor of 65 and w?
13
Let w(y) = 1 - 83*y - 6*y + 16 - 42*y + 10*y**2. Let l be w(13). What is the highest common divisor of 2 and l?
2
Let u be (12/15)/((-5)/(-150)). Let k(p) = 17*p + 12. Let x be k(12). Calculate the greatest common factor of x and u.
24
Let d(c) = 2*c**2 - 27*c + 108. Let s be d(16). Suppose 10 = 5*l, -3*y - 7*l + s = -9*l. Calculate the greatest common factor of 96 and y.
32
Let o = 847 + -750. Let l be 1 + 1 - (79 - o). Calculate the greatest common divisor of l and 180.
20
Suppose 2390 = 4*c + f, 0 = 3*c - 50*f + 49*f - 1796. What is the highest common divisor of 138 and c?
46
Let z = -19390 + 19766. What is the greatest common factor of 94 and z?
94
Suppose j = -5*i + 2*j + 66, 4*i - 51 = -j. Suppose 26*f = -33*f - 1580 + 7716. Calculate the greatest common divisor of i and f.
13
Let b be (-11)/33 - (44/(-6) - -2). Suppose b*w - 6*w = -5*s + 3187, 0 = -s + 3*w + 629. What is the greatest common factor of s and 22?
22
Suppose -110 = -5*l - 5*l. Let r(x) = -2*x**2 - 6*x + 1. Let v be r(-3). What is the highest common factor of l and v?
1
Let c(k) = -2*k**2 + 77*k - 109. Let a be c(37). Suppose 0 = -4*u - a*z + 33 + 13, 2*z + 6 = 0. What is the greatest common factor of u and 325?
13
Let o(q) = -q**3 - 12*q**2 - 15*q + 12. Let a be o(-11). Let z be 4/34 + (-59962)/(-119). What is the highest common factor of a and z?
56
Let s = -19321 + 19409. What is the highest common factor of s and 6028?
44
Suppose 0*r + 50 = 5*r. Let f = -39 - -42. Suppose f*j - 10 = -16, -5*k + 4*j = -28. What is the greatest common factor of r and k?
2
Let u be (2 + -14 + 0)*-3. Suppose -k = -3*v - 120, 2*k - 240 = 2*v - 7*v. Let f be (29/(1015/k))/((-4)/(-14)). What is the highest common factor of u and f?
12
Let q = 146 - 34. Let f = 232 + -151. Let x = 95 - f. What is the greatest common factor of q and x?
14
Let a(z) = -514*z - 453. Let p be a(-14). Calculate the highest common factor of p and 11.
11
Let j(c) = -21*c + 82. Let m be j(2). Suppose 3*s + g + 0*g = 209, 4*s - 279 = -g. Calculate the highest common factor of m and s.
10
Let o be 40/12*1/((-20)/(-72)). Let r(q) = 11*q**3 - 3*q**2 + q + 3. Let z be r(1). Calculate the greatest common factor of o and z.
12
Let s(m) = -84*m + 129. Let w be s(-4). Suppose w - 381 = 4*l. Calculate the highest common divisor of 3 and l.
3
Suppose -2 - 7 = -3*f, -s + 2*f - 286 = 0. Let w be (-2 - -1)*s - -6. Calculate the highest common divisor of w and 26.
26
Let y = -15969 + 16815. Calculate the highest common divisor of y and 3008.
94
Let o(j) = 193*j + 155. Let i be o(37). What is the highest common divisor of 2508 and i?
228
Suppose 5*y = v + 285, -2*v - 182 = -4*y + 46. Let j be 16 - (16/1 - 11)*-31. Calculate the highest common divisor of y and j.
57
Let g be 6/10 - (-12276)/(-60). Let m = g - -548. Let s = m + -154. Calculate the greatest common factor of s and 76.
38
Suppose 0 = -5*x - s + 3 + 22, 4*s = -x + 24. Suppose 5*a + 149 = 3*v - 112, -348 = -x*v - 5*a. What is the greatest common factor of v and 6?
3
Let h be 6/(54/495) - -5. What is the highest common divisor of 2970 and h?
30
Suppose -16 = 5*h + 4*n, n + 0 = 2*h - 4. Suppose 0*b - 7*b = h. Suppose b*k = 3*k - 180. Calculate the highest common factor of 24 and k.
12
Let j be (-2 + -61)*(-11)/3. Let f(u) = u**2 + 29*u + 75. Let k be ((-1)/2)/(1/378*7). Let q be f(k). Calculate the highest common divisor of j and q.
21
Let u be (-560)/(-90)*9/2. Calculate the highest common factor of u and 812.
28
Let o(m) = 15*m**2 + 73*m + 231. Let y be o(-3). Calculate the greatest common factor of 1421 and y.
49
Suppose -x + 17 = -115. Suppose 58*i - 77*i + 1368 = 0. Calculate the greatest common divisor of i and x.
12
Suppose -27*t - 2*a - 12 = -29*t, -23 = -3*t + 4*a. Calculate the greatest common divisor of 2477 and t.
1
Let p be 6/10*(-17085)/(-603). What is the highest common factor of p and 11?
1
Let n be -1*85 + ((-84)/(-7) - 7). Let h = n + 275. What is the greatest common factor of h and 117?
39
Let k be (490/(-28)*(-72)/5)/((-29)/(-87)). What is the greatest common divisor of 294 and k?
42
Suppose -2*r - 2 = -12. Let i be (-32)/6*(2 - r). Let o be (-10*2)/1*24/(-20). What is the greatest common factor of o and i?
8
Let d = -3010 + 3015. Suppose -3*t = -30 - 0. What is the greatest common d